 5*k - 3*g. Let a(l) = 4 + 0*l + 1 - 3*l - 6. Give a(k).
2
Let y be -5 - 1*(-1 - 0). Let k = -8 - y. Let z(x) = -1 - 6*x + 0*x**2 + 212*x**3 + 2*x**2 + 208*x**3 - 419*x**3. What is z(k)?
-9
Let j be (-1)/(-2) + 2/(-4). Let i(q) be the first derivative of -8*q + 1 + 1/3*q**3 + 1/2*q**2. Calculate i(j).
-8
Let a be (1/3)/((-3)/(-153)). Suppose 0 = -3*j + 4*k + 2, 4*j + 2*k - a = -7. Let q(c) = 0*c**2 + j + 1 - 6*c + c**2. Calculate q(4).
-5
Let a = 22 - 20. Suppose -5*n + 10 = -5*o, a*n = -o + 6*o - 5. Let d(p) = p**3 - 3*p**2 + 2*p - 4. Determine d(o).
2
Let n(v) = v**2 - 7*v + 3. Let s be n(7). Let w(i) = -4*i**2 - 2 + 4*i + 2*i**2 + 0. Calculate w(s).
-8
Let w(o) = -o + 1. Let i = 1 - 0. What is w(i)?
0
Let k(j) = j + 2. Let n be (-6)/4 + (-21)/6. Calculate k(n).
-3
Let x = 7 + -11. Let m(p) be the second derivative of p**5/60 + p**4/6 - 2*p**3/3 - 5*p**2/2 - 2*p. Let i(s) be the first derivative of m(s). What is i(x)?
-4
Let y(t) = 3*t**2 - 4*t - 3*t**2 + 0*t**2 - t**2. What is y(-3)?
3
Let t(c) = 3 - 2*c + 0 - c. Let o(n) = -n**2 - 6*n + 11. Let m be (3/9)/((-5)/105). Let y be o(m). What is t(y)?
-9
Let j(x) be the third derivative of x**5/60 - x**4/24 + 11*x**3/6 + 14*x**2. Let n be -1*1*(2 + -2). What is j(n)?
11
Let a(d) be the second derivative of -d**4/12 + 5*d**3/3 - 5*d**2/2 + 42*d. Calculate a(10).
-5
Let v(w) = -w**2 - w - 1 - 2*w - 1. Let j(f) = -2*f + 12. Let t be j(8). Calculate v(t).
-6
Suppose 2*z + 3*z - 31 = -2*x, -34 = -3*x - 5*z. Suppose -i = 4*c - 6*i - 19, -5*c = x*i - 33. Let q(o) = o**2 - 9*o + 6. Determine q(c).
-12
Let p(n) be the third derivative of n**5/60 - n**4/3 + n**3 - 3*n**2. Determine p(8).
6
Let k(l) = 2 + 6*l - 3*l + 6*l. Let z(c) = -26*c - 6. Let s(p) = 8*k(p) + 3*z(p). Give s(-2).
10
Let m(c) = 5 - 2 + 4 - 3 - c**2. Suppose -5*y + 17 = v, 0 = 3*v + 2*y - 4*y + 17. Calculate m(v).
-5
Let k(n) = 3*n**3 + 7*n**2 - 9*n - 1. Suppose -5*c + 29 = 14. Let f(b) = -2*b**3 - 7*b**2 + 8*b + 2. Let w(s) = c*k(s) + 4*f(s). Determine w(6).
-1
Let d be 4/(-10) + (-3)/5. Let r(l) be the second derivative of -l**4/4 + l**3/6 - 5*l. Calculate r(d).
-4
Let l(n) = -2*n**2 + 7*n. Let v(q) = q**2 - 4*q. Let t(k) = -3*l(k) - 5*v(k). Calculate t(3).
6
Let z(x) = x**3 - 4*x**2 + 2*x + 2. Let a be z(4). Suppose h - a = -h. Let j(k) = k**3 - 5*k**2 + k + 1. What is j(h)?
6
Let d be (-3 - 0)*30/(-18). Let b(n) = -n + 10. Calculate b(d).
5
Let y(l) = 5*l**3 - l + 7. Let r(x) = 4*x**3 + x**2 - x + 6. Let c(k) = -4*r(k) + 3*y(k). Let o be 2/11 + 138/(-33). Determine c(o).
-7
Suppose 5*u - 2*v = 4*u + 11, 0 = -v - 5. Suppose -3*n + 12 = 2*d - 4*n, -2*d + 5*n + 28 = 0. Let y(c) = -2*c + 3 + d*c**2 - 5*c**2 + u. Determine y(-3).
1
Let i(q) = q**3 - 7*q**2 + 7*q - 8. Let l = -17 + 23. Give i(l).
-2
Let n(p) = -9*p**2 + 3 + 1 + p - 3. Calculate n(-1).
-9
Let m(l) = -3*l + 1. Let t(z) = 2*z - 1. Let o(x) = 3*m(x) + 4*t(x). Suppose -5*n - 7 + 32 = 0. Suppose 20 = -u + n*u. Calculate o(u).
-6
Let n(z) = 9*z + 3. Let j(b) = b**3 + 6*b**2 + b + 4. Let o be j(-6). What is n(o)?
-15
Let a(t) = 4*t + 6. Let z(q) = -2*q - 3. Let c(k) = -3*a(k) - 5*z(k). Determine c(-4).
5
Let y be (2/4)/((-1)/2). Let g(o) = -2 + 1 - 3*o + o. Let c(f) = 4*f + 2. Let q(k) = 2*c(k) + 5*g(k). Determine q(y).
1
Let r = 449/19740 + -2/329. Let x(l) be the third derivative of 3*l**2 + 1/6*l**4 - r*l**5 + 0*l - 1/2*l**3 + 0. Determine x(2).
1
Let x(c) = 6*c - 3 - 4*c + 10. Let o(i) = i**3 + i - 1. Let w be o(1). Let u = -4 - w. Determine x(u).
-3
Let h be 0 - (2 - 3 - 1). Let y(s) be the first derivative of h + 2*s**2 - 1/3*s**3 - s. Give y(3).
2
Let c be 1*(-6)/(-3) + 2. Suppose 5*h - 45 = -5*f, -9 - 2 = f - 3*h. Let b(i) = 2*i + c - 3 - i**2 + f*i. Calculate b(6).
1
Let s = 26 - 2. Suppose 0 = n - z - 10, 4*n + 2*z - s = -2*z. Suppose 4*i = -5*j - n, -5*j + i - 23 + 0 = 0. Let b(k) = k**2 + 4*k - 5. Calculate b(j).
-5
Let z(t) = -t**2 - 6*t - 3. Let l(m) = -2*m**2 - 7*m - 3. Let q(y) = -2*l(y) + 3*z(y). Calculate q(6).
9
Let b(s) = s**2 + 2*s - 5. Let i(c) = -2*c**2 - c + 2. Suppose -j - 2*j + 14 = -2*n, 45 = 5*j + n. Let f = 6 - j. Let y be i(f). Give b(y).
3
Let v(c) = c + 9. Let y be v(0). Let f(n) = -2*n + 13. Let u be f(y). Let t(z) = z**3 + 4*z**2 - 3*z + 5. Determine t(u).
-5
Let t = -46 - -45. Let n(p) = -15*p**3 - 2*p**2 - p. Give n(t).
14
Let w(b) = b**3 + 5*b**2 - b - 1. Let k be (2/3)/(6/27). Suppose -k*j = 2*j. Suppose j = 2*v - 0 + 10. What is w(v)?
4
Suppose 5 = 3*a - 1. Let t(g) = g**3 - 3*g**2 + 2*g + 2. Determine t(a).
2
Let y(o) be the first derivative of -4*o**2 + o + 51. Calculate y(-3).
25
Let l(j) = -j**2 + 2*j + 3. Suppose 0*p - 2*p - 3 = o, 9 = -2*p - 3*o. Suppose -g = 3*k + k - 10, p = -2*k - g + 4. Let a be -2 - (0/k)/(-2). Give l(a).
-5
Let y = -10 + 15. Suppose -y*b - 4*u = -3*b - 16, 4*b = -3*u + 22. Suppose 1 = 3*v - 2*j, 0 = 2*v - b*v + 2*j + 2. Let i(t) = -4*t**3 + 2*t + 1. Determine i(v).
3
Let q(u) be the first derivative of 2*u**3/3 - u**2/2 - u + 24. Let x be (-2)/(-6) - 10/(-6). Suppose -r - 6 = x*r. What is q(r)?
9
Let m(w) = -w**2 + 7*w - 7. Let b(k) be the second derivative of -k**4/6 - 2*k**3 + 7*k**2/2 + 2*k. Let d be b(-6). Give m(d).
-7
Let o(x) = -3*x + 4. Let s = 19 + -27. Let l = -6 - -5. Let c be s/6*(-2 + l). Calculate o(c).
-8
Let v(a) = -10*a**2 - a. Let s = -20 - -19. Give v(s).
-9
Let i(w) be the first derivative of w**4/8 - w**2/2 - 4. Let m(x) be the second derivative of i(x). Let l be 1/((-2)/(-2)) - 0. Calculate m(l).
3
Let k(m) be the first derivative of m**5/20 - m**4/12 - m**3/2 + m**2/2 + m - 2. Let a(v) be the first derivative of k(v). What is a(2)?
-1
Let b(h) = h**3 - 4*h**3 + 9*h**3 + h. Let s(l) = -l + 11. Let x be s(8). Suppose -3*v + 18 = -x*n, 2*v + 0*n = n + 7. Give b(v).
7
Let h be 4*(1/2 + -1). Let c(m) = 15 - 5*m - 18 - 2*m. Give c(h).
11
Let a(i) = -6*i**3. Let y(x) = -2*x + x**2 - 2 - 1 + 2. Let f be y(2). Calculate a(f).
6
Let j = 40 - 36. Let d(i) = i**3 - 4*i**2 - i - 2. Determine d(j).
-6
Let d(r) be the second derivative of r**7/840 - r**6/72 - r**5/60 + r**4/24 - r**3/3 + 7*r. Let t(j) be the second derivative of d(j). Calculate t(5).
-9
Let b = -3 + 3. Let j(t) = -5*t**2 - t + 1. Let z(p) = -p**2. Let m(x) = -j(x) + 6*z(x). Let u(k) = -5*k**2 + 5*k - 12. Let c(l) = -6*m(l) + u(l). Give c(b).
-6
Suppose -2*s = -4*s - 6. Let q(n) = -2*n**2 + 2*n - 1. Let u(x) = -x**2. Let p(c) = q(c) - 3*u(c). Give p(s).
2
Let j(d) be the third derivative of 13*d**5/60 + d**3/6 - 2*d**2 - 16*d. Let v be 3/4 - (-2)/8. Calculate j(v).
14
Let d(r) = -3*r + 3. Let n = -5 + 8. Suppose 4*y - 6 = 2*w, -3*w - 5*y = -w - n. Let m(v) = v. Let j(x) = w*d(x) + m(x). Determine j(2).
5
Let q(w) = 5 + 23*w - 4 - 2*w**3 - 4*w**2 - 25*w. Suppose 2*k + 4 = y + y, -5*y = 3*k + 6. Give q(k).
5
Let d be 3*1*((-30)/(-6) + -4). Let g(h) = 2*h**2 - h + 2. Determine g(d).
17
Suppose -3*j + 15 = g, 2*g + 5 = -j + 2*j. Let n be g - ((-3)/(-3))/1. Let q(r) = -r**2. Let b(o) = 1. Let f(y) = n*q(y) - 4*b(y). Calculate f(3).
5
Let n(m) be the second derivative of -m**5/20 - m**4/12 - m**2 - 19*m. Determine n(0).
-2
Let l(m) be the third derivative of m**4/24 - m**2. Let g(t) = t**3 + t**2 - t + 40. Let n be g(0). Suppose -25 = -5*h, 7*z - n = 2*z - 2*h. Give l(z).
6
Let t = -3 + 6. Suppose 0 = -t*x - 3. Let l(g) be the first derivative of 3*g**2/2 - 7. What is l(x)?
-3
Let o = -13 + 12. Let n(t) = -t**2 - 3. Let c(l) = 4*l**2 - l + 13. Let y(a) = 2*c(a) + 9*n(a). Determine y(o).
0
Let c(q) be the third derivative of -q**4/8 - q**2. Suppose 2*p + 8 = 4*p. Suppose -4*s + 4 = -p. What is c(s)?
-6
Let f(s) be the first derivative of -s**4/4 + s**2/2 - 13*s - 43. Determine f(0).
-13
Let t(a) be the third derivative of a**9/60480 - a**8/3360 + a**7/630 - 7*a**6/720 + a**5/20 - 2*a**2. Let n(s) be the third derivative of t(s). What is n(5)?
8
Let y(w) = -w**3 + 4*w**2 + 3*w - 6. Let r be y(4). Let g(a) = -9*a - a**3 + 3*a - a - 2 - r*a**2. Let u(s) = s**2 + 6*s + 3. Let x be u(-4). What is g(x)?
8
Let m(y) be the first derivative of -y**5/60 + 5*y**4/24 + y**3/2 + y**2 - 3. Let i(r) be the second derivative of m(r). What is i(5)?
3
Let h be (-2)/4*10/(-1). Let m(u) = u**3 - 5*u**2 + 4*u + 2. Let n be m(4). Let d(q) = -3*q + 0 + 2*q + n + 2. 